Let o(p) = -p**3 - 3*p**2 + 4*p + 4. List the prime factors of o(c).
2
Let q = 294 - 130. List the prime factors of q.
2, 41
Suppose t + 5 = -4. Suppose b - 36 = -b. Let i = t + b. List the prime factors of i.
3
Let s(v) = 2*v**2 + 5*v - 4. What are the prime factors of s(3)?
29
Suppose c = -2*w - 3*c + 98, 225 = 5*w + 5*c. List the prime factors of w.
41
Let s(h) = h**2 + 12*h + 3. Let i(w) = w - 1. Let b(d) = 4*i(d) - s(d). What are the prime factors of b(-6)?
5
Let k = -5 + 6. List the prime factors of 28 - (-3 - (-3 - k)).
3
Suppose -2*t = -5*m - 24, -4*t - 4*m = -m + 4. List the prime factors of t.
2
Let o = 24 + -10. Suppose 2*m - 2*j - o = 0, -5*m = j + 4*j - 65. What are the prime factors of m?
2, 5
Suppose -3*s = -z - 22, 0*s - 22 = -4*s + 5*z. Suppose -p = -0*p - s. What are the prime factors of p?
2
Let a(v) = -11*v - 8*v + 6*v - 4*v. List the prime factors of a(-1).
17
Let q = -7 + 7. Suppose 3*p = d + 8, 2 = -p - q*p + 5*d. Suppose -n + p*y = -0*n - 9, 0 = 2*y + 2. What are the prime factors of n?
2, 3
Suppose 6*l + 267 = 4*p + l, 2*p - 135 = 3*l. What are the prime factors of 6/(-14) - (-972)/p?
3, 5
Let r = -358 - -553. List the prime factors of r.
3, 5, 13
Let j = 22 - 16. Suppose 7*i = j*i + 16. List the prime factors of i.
2
Suppose 15*o - 12*o = 99. List the prime factors of o.
3, 11
Let i be (-80)/2*(-4)/10. Let h = i + -10. List the prime factors of h.
2, 3
Suppose u - 3*u = -24. Let l = -7 + u. Suppose 13 = l*o - 32. What are the prime factors of o?
3
Suppose 0*c + 148 = 3*c - 5*m, -5*m = -5*c + 250. What are the prime factors of c?
3, 17
Let i(t) = -5*t + 4*t**2 - 5 + t**3 + 3 + 1 + 5. Let v be i(-5). Suppose 8 = v*z + j - 5, -2*j - 26 = -5*z. What are the prime factors of z?
2
Let g be 6/2 - (1 + 1). Let d(c) = -2*c**2 - 2*c + 1. Let v be d(g). What are the prime factors of (-2)/6 + (-31)/v?
2, 5
Let q(k) = -k**3 - k**2 - k + 6. List the prime factors of q(0).
2, 3
Let c(d) = 20*d**2. Let b(s) = s**3 - 9*s**2 - 1. Let o be b(9). What are the prime factors of c(o)?
2, 5
Let t(f) = -f**3 + 5*f**2 - 5*f - 1. Let a be t(4). Let y = a + 10. List the prime factors of y.
5
Let n(o) = -9*o + 1 - 1 - o**2. What are the prime factors of n(-7)?
2, 7
Let f(j) = 6*j - 6. Let b be (-1)/(-2 + (-51)/(-27)). Suppose -7 = -4*u + b. What are the prime factors of f(u)?
2, 3
Let u(t) = t**3 + 17*t**2 - 2*t + 20. List the prime factors of u(-17).
2, 3
Let m(l) = -6*l**3 + l - 1. List the prime factors of m(-2).
3, 5
Let g = 5 - 11. Let y(t) = -3*t - 6. Let w be y(g). Let o = w + -5. List the prime factors of o.
7
Let r be 60/(-9)*1*-3. Suppose -2*u + r = 3*u. List the prime factors of u.
2
Suppose -h + 3*h - f + 7 = 0, -5*h - 45 = 3*f. Let v be 4/h - 68/(-12). Let j = v + -2. List the prime factors of j.
3
Let t(s) = s**2 + 9*s + 4. Let g = -1 + 3. Let i(x) = -2*x**2 - x + 1. Let z be i(g). List the prime factors of t(z).
2
Let w be 54/(-24) - (-2)/8. List the prime factors of w + 1 + 2 + 22.
23
Let r(h) = h**2 + 4*h + 5. Let v = -4 - 0. Let w be r(v). Suppose 4*f - 43 = 3*q, 56 = w*f - 3*q - 0*q. List the prime factors of f.
13
Suppose -4*s + 2*v - 8 = -0, v - 4 = s. Suppose -d + w + 18 = s, 3*d - 4*w = 75 - 16. What are the prime factors of d?
13
Let h = -43 + 67. Let a = 8 + -2. Suppose -h = -5*w + 3*n, -n + 3 + a = 4*w. List the prime factors of w.
3
Let l be (31 - 1)*8/20. Let s = 3 + 0. Suppose -s*p - p + l = 0. List the prime factors of p.
3
Let h = 6 - 2. Suppose 5*s + h = 29. What are the prime factors of 2/s - 8/(-5)?
2
Suppose -d - 4*d = -60. Let u = 21 - d. List the prime factors of u.
3
Suppose 5*o + 22 + 21 = -4*j, j = o - 4. Let x = j - -28. What are the prime factors of x?
3, 7
Let o = 10 - 4. Let a(h) = 2*h. What are the prime factors of a(o)?
2, 3
Let n be 1 + (5 - (-2 + 1)). Suppose -3*i - 4 - 4 = -k, -i - n = 4*k. Let q = 3 - i. What are the prime factors of q?
2, 3
Let t = 358 - 221. What are the prime factors of t?
137
Let m be (-3)/12 - (-6)/(-8). Let l = m - -4. List the prime factors of l.
3
Suppose 5*i - 5 = 4*i, -5*i = -5*v + 300. List the prime factors of v.
5, 13
Let k = 66 + -44. Suppose -4*w + 1 = 9, 0 = -4*a - 5*w + 2. Suppose a*i - 23 = k. What are the prime factors of i?
3, 5
Suppose 29*t - 24*t - 415 = 0. What are the prime factors of t?
83
Let w(u) be the third derivative of u**4/12 + 11*u**3/6 - 5*u**2. What are the prime factors of w(8)?
3
Let o be (-1)/(-3) - 5/(-3). Suppose 5 - 1 = o*q. What are the prime factors of 5/2*1*q?
5
Suppose p = -0*p - 5. Let q = 10 + p. Suppose -h + q*h + 2 = 2*j, -5 = 5*h - 3*j. List the prime factors of h.
2
Suppose -48 = 2*s - 248. What are the prime factors of s?
2, 5
List the prime factors of (-11 - 21)*(-1)/2.
2
Let y = 22 + 48. Let o = -43 + y. List the prime factors of o.
3
Let q(g) = 3*g + 3. Let w be (-76)/(-6) + (-4)/6. Suppose 3*i - 4*o = 5, 0 = 3*i - o + 4 - w. List the prime factors of q(i).
2, 3
What are the prime factors of -3*(-44)/12 - 0?
11
Suppose 314 - 1298 = -3*c. What are the prime factors of c?
2, 41
Let r be (28/(-16))/(2/8). Let b(p) = -p**3 - 6*p**2 + 8*p + 9. Let c be b(r). What are the prime factors of 4/c*1 + 0?
2
Let x = 12 + -18. List the prime factors of x*1*(-10)/4.
3, 5
Suppose -4*z + 0*z = -2*i - 20, 5*z + 4*i - 38 = 0. Suppose -4*y = -d, -d - 4*y - 64 = -z*d. List the prime factors of d.
2
Let a = -8 + 13. Let b be (-4)/(-10) + (-8)/(-5). Suppose 2*p + b = 0, a*z + 14 - 38 = 4*p. What are the prime factors of z?
2
Let c = -35 - -75. List the prime factors of c.
2, 5
Let o = 356 - 121. List the prime factors of o.
5, 47
Let z = 291 + -172. What are the prime factors of z?
7, 17
Let i(z) = -85*z + 5. What are the prime factors of i(-2)?
5, 7
Let g(r) = 21*r**2 + 1. Let b be g(-1). Suppose 3*u + b = -4*w + 57, -4*w - 30 = -2*u. List the prime factors of u.
13
Suppose -4*u = -3*u. Suppose 0 = -u*y + y - 8. What are the prime factors of y?
2
Suppose 3*j - 1 = 3*c - 10, -j - 19 = -5*c. Suppose -31 = -5*p - j. List the prime factors of p.
2, 3
Suppose 0*o + 348 = 6*o. List the prime factors of o.
2, 29
Suppose 0 = -16*y + 19*y - 279. List the prime factors of y.
3, 31
Let v(p) = 9*p**2 + 4*p + 11. What are the prime factors of v(-6)?
311
Suppose -32*p - 137 = -33*p. List the prime factors of p.
137
Let a(p) = -p**2 - 6*p + 10. Let d be a(-7). Suppose -i = -d*j - 3*i + 46, -3*j - 3*i = -45. List the prime factors of j.
2
Suppose -t + 4*t = 0. List the prime factors of (3 - t)*(-40)/(-6).
2, 5
What are the prime factors of 1245/30*(4 + 0 + -2)?
83
Let r(d) = 10*d - 5. List the prime factors of r(14).
3, 5
Suppose -184 = -3*j - 28. List the prime factors of j.
2, 13
Suppose -y - 44 = -h, y - 4*y = 15. Suppose 33 = 5*k - 3*p, -2*p = -3*k - 5*p + h. List the prime factors of k.
3
Suppose -388 = -3*q + 179. What are the prime factors of q?
3, 7
Suppose -2*a = 4*w - 114, -31 = -5*w - 4*a + 104. List the prime factors of w.
31
Suppose y + 4*o = -0*o - 16, 5*y + 35 = -5*o. Let n = 7 - 17. Let v = y - n. What are the prime factors of v?
2, 3
Let v(q) be the third derivative of q**5/6 - q**4/24 + q**2. Let b = 7 + -6. List the prime factors of v(b).
3
Let g(k) = 2*k + 1. Let q be g(2). Suppose -i = -q*j, -3*i + 5*j + 5 = -5. List the prime factors of i.
5
Let k = 4 - 2. Let y(s) = 6*s - 3. Let q be y(k). Suppose -10 = -r + q. List the prime factors of r.
19
List the prime factors of 2/(-9) - (-3982)/99.
2, 5
Let o = 20 + -12. Suppose 0 = -3*w + 19 + o. List the prime factors of w.
3
Let w = -47 + 210. List the prime factors of w.
163
Suppose 0 = -3*z + 3*q - 54, -q = -3*z - 27 - 17. Let s = z - -20. List the prime factors of s.
7
Let k = 1 - 0. Let a = -1 + k. Suppose a = -y - 0 + 9. List the prime factors of y.
3
Suppose -2*b = 5*o - 10, b = -5*o + 2 + 3. Let s(z) = 2. Let d(n) = -n - 4. Let l(q) = -3*d(q) - 7*s(q). What are the prime factors of l(b)?
13
Let a(h) = 19*h - 4. What are the prime factors of a(6)?
2, 5, 11
Suppose -22 = -3*x + 53. What are the prime factors of x?
5
What are the prime factors of (-1)/(-2)*-6 - -81?
2, 3, 13
Let z = 4 + -2. Suppose -3*n = a - 19, -4*a + 9*a = -4*n + 40. Let r = z + n. List the prime factors of r.
7
Let o = 9 + -3. List the prime factors of o.
2, 3
Let a = -9 - -5. Let j(r) = r**3 + 6*r**2 + 7*r + 4. What a